s 516 + -4478?
-3a62
In base 3, what is 2012010011 + -1121000?
2010112011
In base 15, what is -2a9e - 59b?
-314a
In base 14, what is -4d1477 + -4?
-4d147b
In base 3, what is 1020011 - -2102222110?
2111012121
In base 3, what is 211 - -100221020202220?
100221020210201
In base 4, what is -10120130001100 + -2?
-10120130001102
In base 11, what is 7 + -16663?
-16657
In base 7, what is -24434 - 53421?
-111155
In base 14, what is -2bb + -96?
-373
In base 11, what is -26361a6 - 6?
-2636201
In base 14, what is -18516820 - 3?
-18516823
In base 11, what is 3757 + 42?
3799
In base 5, what is -201430113 - 211?
-201430324
In base 11, what is 32284 - 647?
31738
In base 16, what is -87 - -1703?
167c
In base 3, what is 2 + 2012121211022111?
2012121211022120
In base 15, what is 1784 + -32?
1752
In base 16, what is 5935a73 + 4?
5935a77
In base 15, what is 4 + -18a14?
-18a10
In base 11, what is 17826041 - 4?
17826038
In base 10, what is 33 + 1635979?
1636012
In base 10, what is 0 - 4050554?
-4050554
In base 4, what is 302210100 - 10000?
302200100
In base 16, what is 3c7c - 34e7?
795
In base 2, what is -100110111 - -101011011011100?
101010110100101
In base 8, what is -52 + -227673?
-227745
In base 7, what is -12110 + 114615?
102505
In base 9, what is -40538223 + -4?
-40538227
In base 15, what is 4e921b + -6?
4e9215
In base 2, what is -1110101111010101101010 - -11?
-1110101111010101100111
In base 9, what is 175666 + 174?
175851
In base 6, what is -11515141 + -11?
-11515152
In base 10, what is 839 + -60376?
-59537
In base 16, what is 31 + 6ddf5a?
6ddf8b
In base 4, what is 2 - -211122312032?
211122312100
In base 11, what is 1 + -1776551?
-1776550
In base 9, what is 520175 + 106?
520282
In base 7, what is -354666 - 2435?
-360434
In base 9, what is -54876 + 8747?
-45128
In base 12, what is -790 - 179bb?
-1858b
In base 8, what is -323030763 - -1?
-323030762
In base 7, what is 4534466003 - 0?
4534466003
In base 14, what is 51ac228 + -c?
51ac21a
In base 15, what is -302c + 73?
-2ea9
In base 3, what is 20021022220212 + -10?
20021022220202
In base 10, what is 22 + 99966?
99988
In base 11, what is -2058979 + 27?
-2058952
In base 2, what is 111 - -11001100000010111111110?
11001100000011000000101
In base 6, what is 14150530 - -355?
14151325
In base 12, what is 56 + a71ab?
a7245
In base 16, what is -2e3 + 2ef5?
2c12
In base 5, what is 24 - -120241403?
120241432
In base 12, what is 1 + -27623437?
-27623436
In base 5, what is 14 + -322443442?
-322443423
In base 11, what is 40291 - -2?
40293
In base 13, what is 92a3a - 9c5?
92045
In base 14, what is -26 + -b16449?
-b16471
In base 13, what is -792a386b - -3?
-792a3868
In base 8, what is 176657 + -26?
176631
In base 5, what is 233214 - -44333?
333102
In base 7, what is 10313 + 115?
10431
In base 5, what is -100434 + -42411?
-143400
In base 16, what is 250bf + 29b?
2535a
In base 14, what is 869 + -8a849?
-89dc0
In base 10, what is 35066599 + -7?
35066592
In base 9, what is 1017154 + -1316?
1015737
In base 16, what is -12 - -2c1622?
2c1610
In base 7, what is 511 - 4233?
-3422
In base 15, what is -1d1 - 381?
-562
In base 8, what is -147450761 + -13?
-147450774
In base 16, what is 304c + -709e?
-4052
In base 5, what is -31321 + 3402022?
3320201
In base 12, what is 4a7071 - 2?
4a706b
In base 12, what is 2119846 - 5?
2119841
In base 15, what is -288 + -d1?
-369
In base 12, what is -59603685 - 1?
-59603686
In base 14, what is 3436 + -4bc7?
-1791
In base 4, what is -3210132031113 + -23?
-3210132031202
In base 4, what is 222231 - 1021222133?
-1020333302
In base 15, what is 426886 + -8?
42687d
In base 6, what is -3234140 - -1412?
-3232324
In base 2, what is 1 + 101001001011100111110111?
101001001011100111111000
In base 15, what is -161 - -25ed?
248c
In base 2, what is 11011001 - -100011101000010001?
100011101011101010
In base 11, what is 42574 + -11a?
42455
In base 14, what is -ab0a + -b1?
-abbb
In base 16, what is -29c7 - a5?
-2a6c
In base 15, what is -2b0ed + 8?
-2b0e5
In base 7, what is -1013436234 + -21?
-1013436255
In base 4, what is -33 + -32302033?
-32302132
In base 6, what is -150 - -10313545?
10313355
In base 13, what is 2340 - -a9b6?
10026
In base 8, what is -1553 + 2506410?
2504635
In base 3, what is -100212100 + -10101222?
-111021022
In base 9, what is -757 + -7680?
-8547
In base 10, what is 4338 - -389?
4727
In base 11, what is -10 - -94863a?
94862a
In base 6, what is 10 + -224103120?
-224103110
In base 12, what is 27798 - 2467?
25331
In base 14, what is 4 + -b3534d?
-b35349
In base 2, what is -11001010100111000011101100 - 10000?
-11001010100111000011111100
In base 9, what is 701 - 11651?
-10850
In base 5, what is -3 - 24414324330?
-24414324333
In base 11, what is 3 - -73304465?
73304468
In base 8, what is -5165 - -364302?
357115
In base 15, what is -1c99552 + 0?
-1c99552
In base 7, what is -200 - -354222?
354022
In base 14, what is -64 - 17000?
-17064
In base 7, what is -136351262 + 1?
-136351261
In base 13, what is -bb - 14c94?
-15082
In base 10, what is -251 - 19646?
-19897
In base 6, what is 515145 - 40241?
434504
In base 7, what is 5 + 2026640151?
2026640156
In base 11, what is 12 + 13317a66?
13317a78
In base 8, what is -10172 - -1313?
-6657
In base 9, what is -82 + -41307?
-41400
In base 14, what is -3b7 - -a136?
9b5d
In base 15, what is 17 - 73827?
-73810
In base 4, what is 202 - -121222312202?
121222313010
In base 6, what is 1 - 22223501240?
-22223501235
In base 3, what is 12 + 20111102001201011?
20111102001201100
In base 15, what is -5 - 1160d0b4?
-1160d0b9
In base 9, what is -2 + 224831003?
224831001
In base 11, what is 1402 + -2585a?
-24458
In base 6, what is -205035324405 - -1?
-205035324404
In base 2, what is -10001111101100101000111100110 + -101?
-10001111101100101000111101011
In base 5, what is -3430 + 43411013?
43402033
In base 10, what is 622 - 64403?
-63781
In base 16, what is 4 - -1014ed7?
1014edb
In base 4, what is 123110103 + -2220?
123101223
In base 16, what is -72bd4 - -4b?
-72b89
In base 9, what is 2 - -383117710?
383117712
In base 16, what is 9a7 + -2f4?
6b3
In base 4, what is 32133111023 - 1033?
32133103330
In base 10, what is -298133 + 15?
-298118
In base 5, what is -324124413 + -333?
-324130301
In base 5, what is 20 - -141330024?
141330044
In base 16, what is -12 - -2b9dae5?
2b9dad3
In base 8, what is -12 - -10554154?
10554142
In base 13, what is -16026430 + 5?
-16026428
In base 8, what is 552011 - 1373?
550416
In base 15, what is 36e5c - 106?
36d56
In base 11, what is 8620975 - 3?
8620972
In base 10, what is 707274101 - 3?
707274098
In base 7, what is -520150 - -642?
-516205
In base 12, what is -411 + 80a5?
7894
In base 13, what is -163b486 + 1?
-163b485
In base 11, what is 3710350 - 39?
3710312
In base 5, what is 4 - 3343102434?
-3343102430
In base 14, what is -835bb784 - -5?
-835bb77d
In base 13, what is -1460 + -16b4?
-2b44
In base 6, what is 53000151 + 2?
53000153
In base 11, what is 11a + 1130840?
113095a
In base 7, what is -313 - -3104?
2461
In base 4, what is 3313010 + 23222123?
33201133
In base 8, what is -1045441 - 11?
-1045452
In base 4, what is -312212222 - -331?
-312211231
In base 6, what is 200 + -10140414?
-10140214
In base 5, what is -41 - 211121433?
-211122024
In base 8, what is 27167637 - 15?
27167622
In base 7, what is 5404 + -135?
5236
In base 5, what is -10 - 14412221003?
-14412221013
In base 15, what is -371c00 + -1?
-371c01
In base 16, what is -3 - b4a3f0?
-b4a3f3
In base 6, what is -103 - -30403231?
30403124
In base 12, what is -13a98 - -5852?
-a246
In base 9, what is 1013 + -74051?
-73037
In base 6, what is -40142215 + 1504?
-40140311
In base 15, what is -3370a2 + -7c?
-33712e
In base 10, what is 0 + 386018223?
386018223
In base 12, what is -1046 + -599?
-1623
In base 14, what is 3 + 2ddb5c?
2ddb61
In base 9, what is 156633 - 1?
156632
In base 12, what is -21b0b97 - 4?
-21b0b9b
In base 11, what is -5 - -2a742706?
2a742701
In base 15, what is 4 - -c39b59?
c39b5d
In base 16, what is 9 + -252a5c4?
-252a5bb
In base 6, what is -5 - 255333412?
-255333421
In base 6, what is 12311040 + 502?
12311542
In base 2, what is 1011000010110100111 - 10110100?
1011000010011110011
In base 8, what is -4410 - -7572?
3162
In base 9, what is 185 - 14600621?
-14600425
In base 3, what is 201220 + -1